+ 8. What is i(k)?
-22
Suppose 0*l - 393 = 3*l - 3*r, -5*r = -2*l - 256. Let c = l - -128. Let m(d) = d**2 + 5*d + 5. Determine m(c).
5
Let k(w) = 5*w**3 + 9*w**2 - 13*w - 13. Let f(r) = 7*r**3 + 11*r**2 - 16*r - 14. Let t(z) = -2*f(z) + 3*k(z). What is t(-6)?
-5
Let k(q) = -q**2 + 1. Let h(r) = r**3 + 3*r - 3. Let p(u) = h(u) + 5*k(u). Suppose 2*l + 3*z + 124 + 1 = 0, l = -z - 62. Let m = l - -65. Calculate p(m).
-2
Let y(w) = w**3 - 7*w**2 + 3*w - 11. Let o be y(7). Let m(t) = -t**3 + 10*t**2 + 7. Determine m(o).
7
Let a(s) = 6 + 7 - 2*s - 12 + s. Calculate a(-7).
8
Let x(r) = -9*r**2 - r. Suppose -4*y + 6*y + 3*p - 25 = 0, -15 = -y - 2*p. Suppose -h - y*h = -6. Suppose 2 = d + h. Calculate x(d).
-10
Let y(k) = 16609 + k**2 - 16609. Calculate y(2).
4
Let k(v) = v**3 - v**2 - 4*v + 3. Let d be (-22)/8 + (-2)/8. Let o be 1 + 0 + -1 + d. Let q be ((-1)/o)/(11/66). What is k(q)?
-1
Let q be -10*(35/(-10) + 4). Let r(o) = -5*o**3 - 2*o + 9. Let j(x) = -9*x**3 + x**2 - 3*x + 17. Let i(d) = -6*j(d) + 11*r(d). Determine i(q).
-8
Let i(q) = -q**2 - 3*q + 7. Let o(p) = 5*p + 31. Let m be o(-7). Give i(m).
3
Let c(v) be the third derivative of v**5/60 - v**4/8 + v**3 + 6*v**2 - 7*v. Determine c(3).
6
Let b(i) = i**3 + 5*i**2 - i - 2. Let g be b(-5). Let o(k) = -4*k**2 - 14 + g + 12. Let s(x) = -x**3 - 6*x**2 + 8*x + 8. Let d be s(-7). Calculate o(d).
-3
Let h(i) = -i**2 + 7*i + 15. Let g be h(9). Let r(b) = 15*b - 1. Give r(g).
-46
Let d(j) = j + 2 + j + 2*j - 3*j. Suppose 0 = 3*y - 2*z + 12, 0 = -8*z + 3*z + 15. Let g be d(y). Let w(a) = a**2 - a - 1. Determine w(g).
-1
Let o(v) = 20*v**2 + v. Suppose -1 = -w + 2*w. Determine o(w).
19
Suppose -4*w = -4*k - 16, -k - 3*w = -0*w - 16. Let u(q) = -13*q**3 + 2*q - 2. What is u(k)?
-13
Let m(l) = -8*l**3 - 2*l**2 + 10*l + 1. Let g(c) = -7*c**3 - 2*c**2 + 9*c + 1. Let v(r) = -7*g(r) + 6*m(r). What is v(-3)?
-1
Let a(r) = -4*r + 17 - 8*r - 15 + 18*r. Let f(i) = 4*i**2 + i. Let t be f(1). Suppose -t*b - 5*n = 15, 0*b + 2*n + 3 = -b. Determine a(b).
-16
Let j(f) = 3*f + 25. Suppose 19*o = 12*o - 56. Determine j(o).
1
Let h(z) = z**2 + 2*z - 8. Suppose 7 = o - 3*v, -5*o + 2*v - 10 = 7. Give h(o).
7
Let u(g) be the third derivative of -1/6*g**3 + 0*g**5 - g**2 + 0*g - 1/24*g**6 + 0 - 1/12*g**4. Determine u(-1).
6
Let x(b) = b**2 - 6*b - 3. Let l be x(-1). Let v(d) = -d**3 + 5*d**2 - 3*d. Give v(l).
4
Let p(o) = 5*o**3 + 5*o**2 - 9*o - 2. Let r(i) = -6*i**3 - 5*i**2 + 11*i + 3. Let h(t) = 5*p(t) + 4*r(t). Determine h(-4).
22
Let j = -10 + 12. Suppose 0 = -2*x - v - 12, 4*v - j*v = -x - 3. Let q(b) = b + 0*b + 6*b + 0*b - 2 + b**2. Determine q(x).
-2
Let k = 37 - 38. Let l(o) = 2 - 7*o - 5 + 2. What is l(k)?
6
Let t(r) = r**3 + 8*r**2 - 25*r - 140. Let q be t(-9). Let x(j) = 0*j**2 - 3*j**2 - j**2 + 4 + 5*j**2 - 7*j. Calculate x(q).
-8
Let i(s) = 9*s + 1. Suppose 10*w + 31 = 21. Determine i(w).
-8
Let z(v) = -v**2 - 7*v - 6. Let s be z(-5). Let i = -7 - -9. Let r(m) = m - i*m + m + m - 2. Calculate r(s).
2
Suppose -5*b = 4*a - 29, -3*a + 7 + 15 = 4*b. Let i(s) = s**3 - 7*s**2 + 7*s + 4. Calculate i(a).
10
Let y = -2 + 7. Let w = -3 + y. Let t(k) = -86 + 33 + 19 - 2*k + k + 38. Give t(w).
2
Let m(w) = -w - 31. Let l be m(10). Let y = l + 38. Let r(h) be the first derivative of -h**4/4 - h**3 - 3*h + 1. What is r(y)?
-3
Let p = -22 - -31. Let k(c) = 4*c**3 + c - p*c**3 + 4*c**3 - 2*c - 5*c**2 + 6. Let j = 7 - 12. Calculate k(j).
11
Suppose -2*s + 12 = 2*s. Suppose -w = m, m + w + s*w = -6. Let t(i) = 16*i**2 + 3*i**3 - 15*i**2 - m*i**3. What is t(-1)?
0
Let j = -56 - -61. Let w(c) = -c**2 - j*c + 2*c**2 - 6 + 7. Calculate w(6).
7
Let q(z) = 14*z**3 - 10*z**2 + z + 17. Let t(i) = 5*i**3 - 3*i**2 + 6. Let g(d) = d**2 - 3*d - 36. Let m be g(8). Let r(k) = m*q(k) - 11*t(k). Calculate r(5).
-28
Suppose t + 3*t + 12 = -3*n, -2*n - 2*t - 8 = 0. Let i be 2*(2 + n + 1). Let j(o) = 0*o**3 + 4*o**3 + 4*o**2 - 3*o**3 + 3*o. Give j(i).
2
Let p(b) = -b**3 - 4*b**2 + 26*b + 81. Let s be p(-3). Let c(f) = -f**2 - 3*f - f + 2 + 0*f. Determine c(s).
-10
Let c(r) be the first derivative of -11*r**4/4 - r**2/2 - 21. Calculate c(-1).
12
Let c(v) = -2*v**2 - v. Let h(d) = d**2 - 6*d + 1. Let u be h(5). Let i(w) = -w - 6. Let r be i(u). What is c(r)?
-6
Let h(k) be the third derivative of -k**4/6 + 7*k**2. Calculate h(-7).
28
Let z(a) be the second derivative of -5*a**3/6 + 7*a**2/2 + 856*a. Calculate z(5).
-18
Suppose 2 + 1 = 3*p. Let q be -4 - ((5 + -5)/3)/3. Let s(l) = l**2 - 1. Let g(o) = 3*o**2 - 6*o - 4. Let m(z) = p*g(z) + q*s(z). What is m(-6)?
0
Let m = -47 - -53. Let a(s) = -18 + 10 + 0*s - 4*s + m*s. Determine a(6).
4
Let t(l) be the first derivative of 5/3*l**3 + 1/4*l**4 - 5/2*l**2 + 7*l - 20. What is t(-6)?
1
Let y be ((-3)/(-6))/(2/20). Let z be 145/45 - 4/18. Let i(l) = y*l**2 + l**z + 1 - 6*l**2 + l**2 + 2*l**2 - l. What is i(-3)?
-5
Let t = -725 + 731. Let i(o) = -o**3 + 7*o**2 - 10*o + 20. What is i(t)?
-4
Let d(t) = 4*t + 2. Let w(n) = -n**3 - n**2 + 4*n + 2. Let h be w(-3). Suppose v + h = 2*x, v = 6*v - x - 5. What is d(v)?
10
Suppose -2*d + 201 = 4*b - 17, -2*b - 533 = -5*d. Let j = 110 - d. Let k(p) = -p**3 - 2 - 1 + 2*p + 0*p + 3*p**2. Calculate k(j).
3
Let d(v) = -2*v**2 - 8*v + 6. Let j(w) = -w**2 - 4*w + 3. Let f(s) = 3*d(s) - 7*j(s). What is f(-4)?
-3
Let g(t) be the second derivative of 3*t**5/20 - t**4/6 - 5*t**3/6 - 2*t**2 - 53*t. What is g(-1)?
-4
Suppose -5*f + 0*f = 25. Let t(j) be the third derivative of -1/8*j**4 + 3*j**2 - 5/6*j**3 + 0*j + 0. What is t(f)?
10
Let a(x) = -x**2 + x - 33. Let h be (1 - 1)/(-1)*(-50)/(-150). Calculate a(h).
-33
Let v(y) be the second derivative of y**5/20 + y**4/3 - y**3 + 3*y**2 + 438*y. What is v(-6)?
-30
Let b(p) = p**2 - p - 2. Let n = 13 + -11. Let x be (1/n*0)/(-22 - -24). Determine b(x).
-2
Suppose -3*x = 2*x + 3*p - 7, 0 = 5*x - 5*p - 15. Suppose -x*u + u + 2 = 0. Let j be u*(3 + -4)*2. Let d(b) = b**3 + 4*b**2 - b - 4. Determine d(j).
0
Let y(z) be the first derivative of -z - 2. Let d(o) = -o**3 - 4*o**2 + 4*o + 1. Let c(l) = d(l) - 2*y(l). Determine c(-5).
8
Let g(t) be the third derivative of t**5/20 + t**4/24 - 6*t**2 + t. Calculate g(1).
4
Let i(g) be the third derivative of g**5/60 + g**4/3 + 2*g**3/3 + 162*g**2. Give i(-8).
4
Let h(x) = 38*x + 102. Let a(w) = -9*w - 25. Let f(g) = 9*a(g) + 2*h(g). Calculate f(-6).
9
Suppose 19 = 6*f - 5. Suppose -5*b + i + 10 = -3*b, 0 = -f*i. Let t(r) be the first derivative of -r**2 + 7*r - 4. Give t(b).
-3
Suppose -28 = -97*u + 101*u. Let m(n) = 11*n - 7. Let v(f) = 16*f - 10. Let g(k) = u*m(k) + 5*v(k). Calculate g(1).
2
Let g(q) be the third derivative of q**5/30 - 11*q**4/12 + 2*q**3 + 299*q**2. Calculate g(9).
-24
Let k(s) = s - 4 - 6*s + 6*s. Let m be k(9). Suppose 0 = -m*a - 16 - 4. Let t(p) = p**2 + 5*p + 2. What is t(a)?
-2
Let p(q) = q + 11. Let r(v) = 24*v - 12. Let i be r(0). Calculate p(i).
-1
Let i(w) = -8*w - 18. Let v(y) = -y - 2. Let q(s) = -i(s) + 3*v(s). Give q(-3).
-3
Let f(s) be the third derivative of 19*s**2 + 0*s + 1/12*s**4 - 1/2*s**3 + 0. Give f(7).
11
Let r(d) = d**2 + 16*d - 36. Let f be r(-18). Suppose 7*t + 0*t - 63 = f. Let p(j) = j - 17. Determine p(t).
-8
Let b(r) = r**3 - 11*r**2 - 2. Suppose -8*h + 81 - 25 = 0. Suppose -2*n - 5*m + h = 0, 51 - 4 = 4*n - m. Determine b(n).
-2
Let v(z) = 8*z + 3*z - 1 - 1 + 1. Let y be v(1). Let h(u) = 10*u - y*u - 5*u**2. What is h(-1)?
-5
Let z(b) = 6*b. Let r(t) = -t. Let o(u) = -8*r(u) - z(u). Suppose -4 = -2*k - 3*c, 3*k - k = 2*c + 24. Suppose -k + 4 = -2*q. What is o(q)?
4
Let v(x) = 2*x + 17. Let t be v(-15). Let u(l) = l**3 + 14*l**2 + 9*l - 1. Calculate u(t).
51
Let s(u) be the first derivative of -u**2 - 2*u - 1. Let l = 17 + -10. Suppose 0 = 4*o - 5*h - l, -2*h - 13 = -2*o - 3*o. Determine s(o).
-8
Let c(h) be the third derivative of h**8/2240 - h**6/360 - h**5/60 - h**4/4 - 6*h**2. Let z(d) be the second derivative of c(d). Give z(-2).
-22
Suppose l = 3*i + 1, 5*i + 6 - 27 = -4*l. Let c be 29 + -27 - (l + 0/2). Let m(z) = 2*z**2 + 2. Determine m(c).
10
Let b(c) be the first derivative of -1/3*c**3 + c + c**2 + 10. Suppose 7*o + 8 = 3*o. Determine b(o).
-7
Let v(w) = w**3 - 3*w**2 - 2*w + 2. Let n(r) = r**2 + 13*r - 5. Let d be n(-13). Let